is the tens digit of v(26)?
4
Let o(v) = 7*v - 6 - v**2 + 4*v**2 + v**3 + 6*v**2. What is the units digit of o(-8)?
2
Let x be 24/28*(-14)/(-3). Suppose -l + x*l - 42 = 0. What is the units digit of l?
4
Let k = -6258 + 9351. What is the thousands digit of k?
3
Suppose 3*k - 78 = -2*p, k = 3*p + 5 + 10. Let l = 40 - k. What is the units digit of l?
6
Let v(h) be the first derivative of h**4/6 - h**3/2 + 6*h + 1. Let w(b) be the first derivative of v(b). What is the units digit of w(5)?
5
Let z = 962 + -649. Let o = 439 - z. What is the tens digit of o?
2
Suppose -1 = -4*r - 5*n - 0, 4*n = 3*r - 24. What is the units digit of r/(-26) - 48912/(-208)?
5
Suppose -2*k + 465 = 2*c - 7*k, -5*c + 1209 = 3*k. Suppose -v + 4*v = -3*w + c, -3*w - v = -236. What is the tens digit of w?
7
Let i(x) = x**2 - 25*x + 252. What is the units digit of i(-34)?
8
Let g(b) be the second derivative of 9*b**3/2 + 11*b**2/2 - 11*b. What is the units digit of g(4)?
9
Let f(h) = 4*h**2 + 3*h - 63. Let k(z) = -2*z. Let d be k(4). What is the hundreds digit of f(d)?
1
Suppose -6*r = -r - 125. Suppose 2*d = -4*w - 44, w - 2*d = d - r. What is the tens digit of (-10 - w) + 52/2?
2
Suppose -16*u + 1265 + 159 = 0. What is the tens digit of u?
8
Suppose -g - 2437 = -4*g - 4*l, -4*l - 1658 = -2*g. What is the units digit of g?
9
Suppose 0 = -2*x + 3*j + 21 + 8, 53 = 5*x - j. Let q(m) = -2*m**2 + 3*m**2 + 3 - x - 2*m. What is the units digit of q(6)?
7
Let o = 54 - 15. Suppose 4*g - 123 = -o. What is the units digit of g?
1
Suppose 3*v + 3500 = 5*z, -5*z + 10*z + 4*v = 3465. What is the units digit of z?
7
Suppose -4*d + 7*d = -36. What is the tens digit of (-5)/(20/d) + 72?
7
Let x(p) = p**3 + 10*p**2 - 3*p + 1. Let u(w) = w**2 - 7*w + 9. Let k be u(6). Suppose 40 = -5*o - 5*z + k*z, -3*o - 3*z = 15. What is the tens digit of x(o)?
3
Suppose -128 = 2*v + 2. Let c = 118 + v. What is the tens digit of c?
5
Let u be 3 + -2 + (-6)/3. Let b = u - -14. What is the tens digit of b?
1
Let x(k) = 4*k + 25. Let a be x(-12). Let p = 27 + a. What is the units digit of 6/(-1)*(-10)/p?
5
What is the hundreds digit of (-1)/4 - -3*31087/84?
1
Suppose 3*m - 39 = 3*x, 0*m - m - 4*x + 33 = 0. Let v = m - 15. Suppose -5*a + 0*q = v*q - 160, -3*a + 92 = 2*q. What is the tens digit of a?
3
Let f(o) = 6*o**2 + 2*o + 7. Let q be f(6). Let x = -137 + q. What is the units digit of x?
8
Suppose -3432 = -r - 0*c - 5*c, -3*c + 13779 = 4*r. What is the units digit of r?
7
Suppose 3010 = 5*o - 2*u, -4*o + 1269 = 3*u - 1162. Suppose 7*t = o + 502. What is the tens digit of t?
5
Suppose 0 = t + 3*x - 19, 0 = t - 5*x + 1 + 4. Suppose -2*a - 3*a + t = 0, 4*u - 92 = 2*a. What is the units digit of u?
4
Suppose -9*g = -4*g. Suppose g = -2*v - f + 527, 5*v - 4*f = 2*v + 785. What is the units digit of v?
3
Let m = 1385 - -609. What is the tens digit of m?
9
Suppose -3*d + 1 = -2. Let j(k) = 50*k. Let r be j(d). Let f = r - 35. What is the units digit of f?
5
Suppose -b + 4*z + 91 = 0, -3*b - 5*z = -z - 241. What is the units digit of b?
3
Let z = 1924 + -1202. What is the tens digit of z?
2
Let h(c) = -c - 10. Let a be h(-3). Let s be ((-16)/(-28) + -2)*a. Suppose -97 = -3*z - s. What is the units digit of z?
9
Let b = -107 - -210. Suppose -4 = -2*f, 4*f = -4*r + 45 + b. What is the tens digit of r?
3
Let o be ((-49)/3)/(5/60). Let n be 2*(0 + o/(-8)). Let l = -4 + n. What is the tens digit of l?
4
Let b(w) = 23*w**2 + 5*w + 3. What is the tens digit of b(4)?
9
Suppose 3*b = 294 - 1182. Let f be ((-9)/6)/((-6)/b). What is the tens digit of f/(-3) - 2/3?
2
What is the tens digit of (-64)/(-544) - ((-22096)/34 + -3)?
5
Suppose 2103 = -8*o + 8519. What is the units digit of o?
2
Suppose 0*p - p + 8 = 0. Suppose 5*a = p + 2. Suppose 3*f = a*s - 24 + 154, 0 = 5*s + 25. What is the tens digit of f?
4
What is the units digit of 1082/10 - 1/5?
8
Suppose -9 = 4*d - 25. Suppose 7 = -d*b + 35. Let f(x) = -x**3 + 6*x**2 + 8*x - 4. What is the units digit of f(b)?
3
Let o(u) = 5*u**2 - u - 1. Let q be o(-1). Let h(s) = -2*s + 6*s**3 - q*s + 2 + 2*s + 3*s. What is the tens digit of h(2)?
4
Suppose -47*s + 5083 = -8077. What is the hundreds digit of s?
2
Let x(c) = -c - 9. Let l be x(3). Let z = 23 - l. What is the units digit of z?
5
Let o(t) = t**2 - 6*t + 2. Let d(a) = 1. Let f(q) = 5*d(q) - o(q). What is the units digit of f(3)?
2
Let a(h) = h**3 + 4*h**2 - 7*h - 2. Suppose 5*t - i = -28, 4*i = -t + 3*t + 22. Let y be a(t). Suppose -6*m + y*m - 100 = 0. What is the units digit of m?
0
Let n(i) = i**3 - 12*i**2 + 42*i + 9. What is the tens digit of n(11)?
5
Suppose 0 = -2257*h + 2252*h + 32835. What is the thousands digit of h?
6
Let a = 296 + -87. Let c = a - 31. What is the hundreds digit of c?
1
Let o be 3 + -981*13 + 1. What is the units digit of o/(-143) + (-2)/13?
9
Let u = 2205 + -177. What is the units digit of u?
8
Let h be (14/(-3))/(-7)*6. Suppose v = 4*o - 86, h*v - 3*v - 61 = -3*o. Suppose 5*n - 69 - o = 0. What is the tens digit of n?
1
Let f be ((-4)/(4 - 0))/((-2)/204). Suppose 0 = -0*o - 6*o + f. What is the units digit of o?
7
Let h(k) = -k**3 + 3*k**2 + 6*k - k - 2*k - 5*k**2 - 3. Let g be h(-3). What is the tens digit of g - 7/(21/(-90))?
2
Let x(c) = 9*c**2 + c - 1. Let z be x(1). Let d be (-4)/(-18) - (-430)/z. Suppose -63 = -3*w - 2*i, -d = w - 4*w + 3*i. What is the tens digit of w?
1
Let h = 111 + 471. What is the tens digit of h?
8
Let l(q) = -q + 8. Let d be l(0). Suppose y + 4 = d. Suppose 0 = -w + 4, -y*m + 10 = 4*w - 118. What is the tens digit of m?
2
Let w(f) = 5*f**2 - 157. What is the hundreds digit of w(-23)?
4
Let b = -1027 + 1522. Suppose 3*j = -3*z + 714, -4*z - b = -2*j - 1465. What is the units digit of z?
1
Let y(t) = t**3 - 11*t**2 + 2*t - 13. Let r be y(11). Suppose -3*v + x + 0*x = -1260, 0 = -3*x - r. Suppose 6*z - v = 49. What is the tens digit of z?
7
Let a = 292 + -287. Let s(p) = 4*p**2 - 1. Let h be s(2). Suppose -f + a*f = -2*k - 6, h = 5*k - 5*f. What is the units digit of k?
1
Suppose -2*v - 3*y - 2*y + 281 = 0, 4*v - 4*y - 492 = 0. Suppose 4*d = -2*a + v, 2*a = -0*a - 3*d + 123. What is the tens digit of a?
5
Let q be -1 + 1 - (-24)/(-6). Let a = q + 2. What is the units digit of a/(-4)*4*11?
2
Suppose 0 = -5*l - 82 + 17. Let i(q) = -q**2 + 7*q + 7. Let t be i(5). Let j = l + t. What is the units digit of j?
4
Suppose -37 = i + 346. Let y = i - -577. Suppose -y = -4*q + 38. What is the tens digit of q?
5
Let z(a) = -a**3 - 8*a**2 - 19*a - 237. Let b be z(-9). Let n(p) be the first derivative of -p**3/3 + 8*p**2 - 13*p - 1. What is the units digit of n(b)?
2
Let w(x) = -7*x**2 - 8*x + 10. Let g(l) = -l**2 + 1. Suppose -2*j + u - 5*u = 24, -24 = 3*j + 2*u. Let i(q) = j*g(q) + w(q). What is the units digit of i(-6)?
6
Suppose 9 = 3*a - 4*a + 3*r, 3*r + 51 = -3*a. What is the units digit of (20/6)/((-10)/a)?
5
Let z = -28 - -10. What is the units digit of (-1 - 1)*639/z?
1
Let c(u) = 1705*u + 10. What is the units digit of c(2)?
0
Let w(t) = -2*t**2 + 8*t + 4. Let a be w(4). Suppose a*v - 444 = v. What is the units digit of v?
8
What is the units digit of 23*(128 - 1 - (-29 + 29))?
1
Let p = -23 - -35. Suppose 6*n = 157 + 137. Let f = p + n. What is the tens digit of f?
6
Suppose -k - 3 = 0, -4*k = -2*m + 6*m + 16. What is the tens digit of (59 - -2) + (-4 - m)?
5
Let c(n) = 7*n**3 + 3*n**2 + 2*n - 17. What is the units digit of c(7)?
5
Suppose -6*f + 5*k + 495 = -f, 5*k + 20 = 0. Let c be (-1)/(-4) + (-2)/8. Suppose 5*a + t - f = 0, c = 5*a - 5*t + t - 120. What is the units digit of a?
0
Let w(m) = -m**3 - 10*m**2 - 11*m - 3. Let z be w(-9). Suppose -z = -s - 2*s. Suppose 0 = q + s, -p + 2 + 2 = 3*q. What is the tens digit of p?
1
Let m(v) = v**2 - 19*v + 11. What is the hundreds digit of m(41)?
9
Suppose -2*v = -4*g - 6*v + 20, -2*g + 19 = 5*v. Suppose 3*l = 5*s + 597, 108 = l + g*s - 102. What is the units digit of l?
4
Suppose 0 = 4*m - v - 11, -2*m + m + 5*v = -17. Let u be 10 + -1 + -3 + m. Suppose -5*k = -u*k + 75. What is the tens digit of k?
2
Let b(s) = s**3 - 11*s**2 + 13*s - 25. Let l be b(10). Suppose 5*n - 1045 = -l*j - 0*j, -5*n + j = -1033. What is the tens digit of n?
0
Let x(b) = -b**2 - 7. Let a be x(0). Let g = a + -1. Let l = g + 14. What is the units 